(base 5) to base 4
-2132311
Convert 2e9 (base 15) to base 13.
3c6
200102 (base 3) to base 4
13301
2012102011 (base 3) to base 15
cc77
14404 (base 5) to base 13
737
2d5 (base 16) to base 10
725
What is 57c (base 14) in base 12?
76a
Convert -682 (base 9) to base 3.
-202202
What is 42541 (base 7) in base 15?
31e4
What is -403113 (base 5) in base 2?
-11001001101100
Convert -1100000010 (base 2) to base 14.
-3d0
What is -a43 (base 11) in base 2?
-10011101001
Convert -3203 (base 4) to base 13.
-146
Convert 6bb5 (base 12) to base 16.
2f39
Convert -136421 (base 8) to base 5.
-3022101
-104244 (base 5) to base 16
-e73
Convert -1da8 (base 14) to base 5.
-133230
What is 22120 (base 4) in base 12?
474
What is 201221 (base 3) in base 8?
1032
-452 (base 11) to base 5
-4131
What is -4244 (base 10) in base 12?
-2558
110001001 (base 2) to base 3
112120
What is -6347 (base 10) in base 15?
-1d32
739 (base 13) to base 12
867
-3ac (base 13) to base 9
-801
What is -949 (base 10) in base 11?
-793
Convert -1204 (base 9) to base 15.
-3ea
Convert 32023 (base 4) to base 11.
755
What is 21536 (base 8) in base 16?
235e
Convert -201 (base 11) to base 3.
-100000
5194 (base 12) to base 6
105104
What is -2905 (base 15) in base 13?
-3cc5
What is -358 (base 12) in base 2?
-111110100
1001202 (base 3) to base 4
30020
What is -101011100 (base 2) in base 16?
-15c
Convert 1013 (base 4) to base 14.
51
Convert -2520 (base 6) to base 7.
-1551
220011220 (base 3) to base 11
12276
What is -c2b (base 13) in base 14?
-a77
-8ae (base 15) to base 6
-13032
29c5 (base 14) to base 7
30435
Convert 1060 (base 8) to base 3.
202202
What is 369a (base 13) in base 2?
1111000110100
-2974 (base 12) to base 9
-6567
What is -9e9 (base 15) in base 5?
-32434
Convert 34543 (base 7) to base 4.
2022103
Convert 29b60 (base 13) to base 16.
133f0
101011101011 (base 2) to base 14
1039
What is -3b18 (base 14) in base 11?
-7904
What is 217 (base 15) in base 2?
111011000
Convert 11895 (base 10) to base 12.
6a73
Convert -3c85 (base 13) to base 3.
-102222021
What is 1a58 (base 12) in base 4?
302210
What is 17444 (base 9) in base 14?
4552
What is -121001 (base 4) in base 14?
-825
What is 34 (base 6) in base 2?
10110
1fe (base 16) to base 14
286
-164a1 (base 13) to base 4
-22120312
What is -3f3 (base 16) in base 11?
-83a
-601 (base 7) to base 16
-127
Convert -76 (base 15) to base 5.
-421
Convert -33204 (base 9) to base 10.
-22036
Convert -5340 (base 6) to base 5.
-14322
What is -2411 (base 8) in base 13?
-782
What is -777 (base 13) in base 11?
-a65
What is 252 (base 7) in base 11?
113
What is -117a9 (base 13) in base 7?
-162346
Convert 146150 (base 7) to base 13.
ccc5
-243 (base 15) to base 4
-20001
What is -2075 (base 8) in base 15?
-4c5
What is -10333011 (base 4) in base 16?
-4fc5
Convert -635 (base 11) to base 12.
-538
344d (base 14) to base 3
110110111
Convert -1011010101110 (base 2) to base 7.
-22633
Convert -112101 (base 3) to base 6.
-1444
Convert -13706 (base 14) to base 2.
-1011101110011010
What is -1545 (base 7) in base 12?
-439
What is 1010010001100100 (base 2) in base 14?
114a0
What is 276 (base 16) in base 14?
330
14a (base 13) to base 12
173
What is -5411 (base 7) in base 15?
-87e
Convert 145065 (base 7) to base 3.
1102122110
Convert -2456 (base 9) to base 3.
-2111220
What is -12111212 (base 3) in base 15?
-12ce
What is a5d (base 15) in base 13?
10ab
What is 29b (base 15) in base 14?
308
Convert 11100111000 (base 2) to base 6.
12320
What is 45 (base 12) in base 14?
3b
What is 22200 (base 5) in base 15?
6d5
Convert -15d0 (base 16) to base 4.
-1113100
Convert 1244 (base 7) to base 4.
13121
Convert -200202111 (base 3) to base 16.
-356b
Convert -123164 (base 9) to base 14.
-1d213
Convert 9467 (base 12) to base 6.
203011
Convert 51204 (base 6) to base 2.
1101001110100
Convert -2 (base 13) to base 6.
-2
Convert 63ff (base 16) to base 12.
12993
-4103224 (base 5) to base 11
-456a9
What is -8510 (base 11) in base 8?
-26000
Convert 1001 (base 8) to base 4.
20001
Convert -3312 (base 4) to base 9.
-303
Convert -72f (base 16) to base 7.
-5235
What is 13712 (base 8) in base 13?
2a06
Convert -9a34 (base 16) to base 13.
-14c78
Convert 8f2 (base 16) to base 9.
3124
-5463 (base 7) to base 2
-11110100100
-13101 (base 4) to base 12
-329
Convert 201300 (base 4) to base 6.
14000
Convert 7207 (base 11) to base 8.
22536
What is -133a3 (base 11) in base 6?
-224250
-3301 (base 5) to base 12
-317
What is ca4 (base 16) in base 12?
1a58
-770 (base 15) to base 2
-11010010000
1986 (base 12) to base 8
6066
What is 2a2 (base 12) in base 7?
1124
100303 (base 4) to base 9
1424
-5642 (base 8) to base 10
-2978
What is 6d2 (base 14) in base 4?
111100
What is -1014044 (base 5) in base 10?
-16774
-1b24 (base 12) to base 9
-4521
-4727 (base 16) to base 15
-55e5
What is 13101 (base 6) in base 13?
b95
What is 658 (base 10) in base 4?
22102
What is -111033 (base 4) in base 6?
-10143
What is 304 (base 15) in base 13?
403
Convert -d0a (base 16) to base 15.
-ec8
-25114 (base 6) to base 11
-2880
Convert 13ba (base 14) to base 10.
3496
-110110110001 (base 2) to base 15
-108a
What is -261 (base 10) in base 3?
-100200
What is 1a43 (base 12) in base 10?
3219
2152 (base 9) to base 14
814
Convert -495 (base 10) to base 15.
-230
65 (base 16) to base 3
10202
-1732 (base 12) to base 14
-1022
Convert -dad (base 16) to base 11.
-26a3
What is -121e (base 15) in base 4?
-330032
-2500 (base 6) to base 13
-381
What is -9166 (base 13) in base 6?
-232414
What is -49c7 (base 13) in base 5?
-313342
190 (base 14) to base 2
101000010
What is -7b3 (base 12) in base 5?
-14033
Convert 1011020 (base 3) to base 4.
31023
What is -2193 (base 15) in base 8?
-15711
What is 23303 (base 4) in base 7?
2126
-521253 (base 6) to base 16
-a341
Convert 24161 (base 7) to base 3.
22121002
101433 (base 5) to base 12
1b48
817 (base 10) to base 11
683
22533 (base 6) to base 14
1265
28378 (base 11) to base 3
2001101111
Convert -141 (base 8) to base 16.
-61
Convert 2632 (base 12) to base 16.
1106
What is -422 (base 7) in base 9?
-255
What is -249 (base 12) in base 3?
-110210
Convert 88 (base 9) to base 6.
212
Convert -2833 (base 14) to base 11.
-5376
-21057 (base 11) to base 12
-15903
Convert -34240 (base 5) to base 14.
-c69
What is 32010 (base 4) in base 6?
4100
What is 1a35 (base 12) in base 3?
11101212
What is 10000000110 (base 2) in base 10?
1030
What is -832 (base 13) in base 5?
-21033
What is -3989 (base 14) in base 12?
-5a31
What is 206353 (base 8) in base 7?
404465
Convert 111202011 (base 3) to base 2.
10011100100101
10100001000 (base 2) to base 7
3520
What is 2310 (base 7) in base 15?
3b0
Convert -68153 (base 10) to base 6.
-1243305
Convert 3590 (base 13) to base 9.
11322
What is -5168 (base 11) in base 6?
-51414
-1110011001100 (base 2) to base 16
-1ccc
Convert 190 (base 11) to base 12.
164
Convert -20111 (base 3) to base 12.
-127
What is 101000010000 (base 2) in base 12?
15a8
35210 (base 6) to base 10
5046
38407 (base 11) to base 5
3230222
Convert -1168 (base 10) to base 11.
-972
Convert 113 (base 8) to base 15.
50
102011 (base 3) to base 16
12d
Convert 81b6 (base 14) to base 5.
1203213
6079 (base 11) to base 4
1332020
Convert -202b (base 15) to base 4.
-1222013
What is 95bc (base 14) in base 3?
1022110010
2a0 (base 16) to base 7
1650
What is -78f (base 16) in base 6?
-12543
Convert -660 (base 10) to base 16.
-294
Convert 115304 (base 8) to base 11.
27849
Convert -11000 (base 2) to base 13.
-1b
What is -14613 (base 7) in base 3?
-12121000
-34326 (base 8) to base 13
-6813
-1201000122 (base 3) to base 16
-830f
Convert -970 (base 15) to base 11.
-1667
4939 (base 12) to base 9
12280
922a (base 13) to base 16
4eb3
7262 (base 10) to base 15
2242
Convert 1170 (base 9) to base 2.
1101101001
-2211100 (base 3) to base 6
-13313
What is -1201011 (base 3) in base 11?
-a33
Convert 2111 (base 5) to base 12.
1b5
What is 3125 (base 7) in base 8?
2111
17853 (base 10) to base 2
100010110111101
b81 (base 14) to base 10
2269
Convert 74 (base 16) to base 2.
1110100
-1c2 (base 14) to base 4
-11232
Convert 122 (base 4) to base 9.
28
Convert 94 (base 12) to base 9.
134
Convert -430 (base 8) to base 11.
-235
Convert 10000001011 (base 2) to base 5.
13120
Convert 1212 (base 4) to base 5.
402
-450 (base 8) to base